0210200110 (base 3) to base 9.
-1823613
What is 11010012001 (base 3) in base 16?
13c9f
Convert -11002011122 (base 3) to base 16.
-139bb
Convert -349218 (base 14) to base 13.
-4a9a01
What is -5412 (base 10) in base 12?
-3170
-1000100010110011011101 (base 2) to base 10
-2239709
-a39828 (base 12) to base 3
-11211102121212
-331723 (base 8) to base 3
-12200001021
-220000002 (base 3) to base 4
-10101122
Convert 4535b (base 12) to base 13.
32bb8
d4c638 (base 14) to base 12
24a29a2
What is 1121121220210 (base 3) in base 2?
11010001101001001110
What is -9941b (base 12) in base 8?
-614027
What is 56268a (base 11) in base 9?
1615787
-13318a1 (base 11) to base 4
-20301301313
377457 (base 8) to base 14
35995
Convert -2413124 (base 6) to base 8.
-366714
Convert -334123432 (base 5) to base 10.
-1473617
What is 1001010100110011011 (base 2) in base 14?
7d4dd
What is -174836 (base 10) in base 15?
-36c0b
What is -8230358 (base 9) in base 16?
-42fae5
Convert 233061 (base 10) to base 11.
14a114
-218305 (base 12) to base 10
-532661
Convert 2103030302 (base 4) to base 3.
1010122001202
21211100210 (base 3) to base 5
14412313
1111 (base 14) to base 9
4043
What is 132230441 (base 5) in base 7?
5435210
Convert -5155342 (base 6) to base 10.
-248750
213310321010 (base 4) to base 15
db3625
Convert -8ba050 (base 12) to base 8.
-10417274
What is -21111033231 (base 4) in base 9?
-4537640
What is -12250241 (base 6) in base 14?
-a4133
What is 3422552 (base 10) in base 13?
92aaa3
Convert 22010300 (base 4) to base 9.
62538
21001113001 (base 4) to base 13
64a539
Convert -25abb (base 13) to base 6.
-1255503
What is 6dc97 (base 15) in base 7?
2656525
-1670a04 (base 11) to base 13
-786502
Convert edb5 (base 15) to base 11.
34909
-212121210102 (base 3) to base 5
-104334301
204066441 (base 7) to base 11
6868513
What is 270854 (base 9) in base 7?
1254145
-3022253 (base 6) to base 5
-14034342
-3ebfee (base 16) to base 7
-46645256
What is -125200051 (base 7) in base 2?
-11110101001010111110110
Convert 750c53 (base 14) to base 11.
226472a
Convert d40e7 (base 15) to base 10.
671842
-430254 (base 8) to base 13
-5043c
What is -18430b (base 13) in base 11?
-386686
What is 14312302 (base 5) in base 12?
73434
3212550 (base 6) to base 13
56892
144a547 (base 12) to base 15
559891
260441 (base 9) to base 15
31b6a
13425420 (base 8) to base 9
5621406
What is a2103 (base 14) in base 12?
169733
What is 22021343 (base 6) in base 8?
2401377
What is 11331 (base 7) in base 4?
231201
22201222022 (base 3) to base 10
172025
What is 111203023 (base 4) in base 2?
10101100011001011
Convert -1161704 (base 8) to base 9.
-537517
Convert 313251530 (base 6) to base 9.
11273710
What is -92712 (base 11) in base 6?
-2522203
Convert 6324244 (base 8) to base 5.
412302242
Convert 21020111200 (base 3) to base 7.
1132344
-21000112121111 (base 3) to base 6
-211543534
Convert 3572116 (base 8) to base 16.
ef44e
What is -c83966 (base 15) in base 13?
-1c88805
-29a242 (base 11) to base 3
-212202020200
Convert -13402450 (base 6) to base 7.
-3560442
Convert -6338171 (base 10) to base 9.
-12830302
385847 (base 12) to base 3
1201212001201
Convert -2637220 (base 9) to base 5.
-332122032
What is 11013113131 (base 4) in base 16?
1475dd
Convert -1121324 (base 6) to base 10.
-57364
Convert d6787 (base 14) to base 13.
151642
What is 7936a (base 12) in base 15?
32b7d
Convert -22003133100 (base 4) to base 6.
-132254240
Convert d794de (base 15) to base 2.
100111001000010101000110
What is 551143414 (base 6) in base 16?
966c82
What is -111100111101000100 (base 2) in base 13?
-89843
24046015 (base 7) to base 8
10076714
Convert 105422462 (base 7) to base 11.
3699a50
Convert 10000010101110010111 (base 2) to base 10.
535447
What is 2658667 (base 10) in base 8?
12110553
10408 (base 16) to base 8
202010
2001132030 (base 4) to base 7
4336053
Convert -6412553 (base 7) to base 13.
-212582
What is -61479 (base 13) in base 2?
-101010100100000011
Convert -1013301052 (base 6) to base 15.
-dcc5bb
39954 (base 15) to base 11
116565
-1033332312 (base 5) to base 3
-11020002212121
-1a1954 (base 11) to base 8
-1135264
Convert 2c4b4 (base 15) to base 12.
6a797
Convert 2baa69 (base 13) to base 15.
165239
-365b8 (base 12) to base 7
-424046
-103bc17 (base 16) to base 3
-1012000210202112
What is 74620b (base 15) in base 2?
10101001000010000010100
What is -22252775 (base 8) in base 11?
-2792a1a
Convert 101011110 (base 2) to base 7.
1010
Convert -36465 (base 16) to base 14.
-5b033
What is -4452024 (base 7) in base 13?
-163779
What is -2132123323 (base 4) in base 9?
-1188171
-286164 (base 11) to base 10
-447407
What is 40158 (base 11) in base 8?
162574
10000023211 (base 4) to base 6
34253541
Convert c1e8 (base 15) to base 12.
1b83b
What is 111001100010100000001 (base 2) in base 16?
1cc501
-513523012 (base 6) to base 8
-41630720
What is 134242303 (base 5) in base 12?
297142
Convert 43444254 (base 6) to base 10.
1296970
What is -1452765 (base 8) in base 5?
-101241341
Convert 20234030 (base 5) to base 3.
22101012001
What is -5a6a90 (base 11) in base 7?
-11111430
What is 14312101 (base 5) in base 11?
a3413
What is 26aa600 (base 12) in base 11?
4382a61
What is -11b42c (base 13) in base 8?
-1475437
-11010100101011 (base 2) to base 10
-13611
1224024120 (base 5) to base 4
23101122132
What is 490abd (base 16) in base 7?
55454624
590a2 (base 13) to base 10
162710
272346 (base 9) to base 8
503610
1020015 (base 8) to base 3
111201211221
Convert -946896 (base 10) to base 2.
-11100111001011010000
Convert -6342f4 (base 16) to base 10.
-6505204
What is 109320 (base 11) in base 15?
365b0
What is 270660a (base 11) in base 2?
10001110110011000100001
What is 304132044 (base 5) in base 11?
777404
Convert -2121010221000 (base 3) to base 16.
-151140
What is -18a053a (base 12) in base 8?
-23616376
Convert -66148 (base 14) to base 8.
-742664
Convert 37897 (base 12) to base 3.
10211122221
Convert d7753 (base 15) to base 6.
22351523
Convert 43842 (base 14) to base 9.
268271
What is 12c7c2c (base 14) in base 6?
522441012
What is -2846d (base 14) in base 6?
-2045225
-4330343 (base 7) to base 12
-215952
Convert -47a4 (base 16) to base 10.
-18340
What is 645b (base 12) in base 9?
16088
What is 2b8375 (base 16) in base 6?
141042153
2241 (base 15) to base 10
7261
What is -125803 (base 14) in base 13?
-190966
Convert 500250 (base 6) to base 13.
14988
17ba06 (base 12) to base 6
12514410
What is 11110111011011 (base 2) in base 14?
5ab1
1011111111000000010101 (base 2) to base 3
12220121112112
Convert -21100122112 (base 3) to base 13.
-50bb8
What is 10101000020 (base 3) in base 13?
24276
Convert -369de1 (base 15) to base 13.
-707587
What is -36452 (base 16) in base 12?
-a8782
What is 5cc57 (base 13) in base 6?
3400525
16424 (base 9) to base 6
124121
36874 (base 11) to base 16
cede
Convert -1c4bf (base 16) to base 7.
-661624
Convert -2415763 (base 9) to base 7.
-14063655
Convert -205896 (base 10) to base 7.
-1515165
5113414 (base 8) to base 16
14970c
What is -50 (base 15) in base 7?
-135
Convert 137b2d (base 16) to base 13.
359170
What is -12322200312 (base 4) in base 6?
-102503210
Convert 16775113 (base 8) to base 3.
21101200220110
What is 166030 (base 9) in base 16?
191a0
-3641323 (base 7) to base 10
-463900
-54504040 (base 6) to base 9
-3047486
What is 13867541 (base 10) in base 4?
310321220111
1003222002323 (base 4) to base 5
14020021432
Convert -246286 (base 9) to base 12.
-72250
-431553 (base 7) to base 14
-1d4d3
What is 51125332 (base 6) in base 13?
3c0791
Convert -91b08 (base 12) to base 4.
-232113320
What is -201630 (base 14) in base 9?
-2024846
1004b1 (base 15) to base 7
6315013
78eec2 (base 16) to base 3
112220122122220
What is -1002303322 (base 5) in base 2?
-111100110110111100100
Convert -846670 (base 9) to base 12.
-2034b3
-1142121425 (base 6) to base 9
-26374658
What is 32aa995 (base 11) in base 2?
10110000111011101000010
What is 355055 (base 6) in base 10?
30923
-334424241 (base 6) to base 10
-6099937
1582b (base 14) to base 5
3204433
What is -774903 (base 12) in base 5?
-441121222
2907f (base 16) to base 10
168063
What is -400345 (base 7) in base 15?
-14e8d
What is 111100110110010100 (base 2) in base 4?
330312110
Convert -bb7428 (base 12) to base 13.
-803603
Convert -46b949 (base 12) to ba